{"id":353,"date":"2022-07-02T13:08:05","date_gmt":"2022-07-02T11:08:05","guid":{"rendered":"http:\/\/www.atout-cycle.fr\/?page_id=353"},"modified":"2022-07-02T14:40:26","modified_gmt":"2022-07-02T12:40:26","slug":"velo-cargos-envoyez-du-lourd","status":"publish","type":"page","link":"http:\/\/www.atout-cycle.fr\/?page_id=353","title":{"rendered":"V\u00e9lo-cargos artisanaux"},"content":{"rendered":"\n<p>Vous souhaitez \u00eatre d\u00e9m\u00e9nageur urbain sans faire vroum-vroum ? Transporter vos 5 bambins \u00e0 l&rsquo;\u00e9cole sans les accoutumer aux disproportions d&rsquo;un char  confortablement mortif\u00e8re ? Faire de la restauration collective estivale \u00e0 l&rsquo;\u00e9nergie solaire, sans d\u00e9pendre des tr\u00e9sors de g\u00e9n\u00e9rosit\u00e9 de Total \u00c9nergies Superpropres\u00ae ? Assurer la logistique du dernier kilom\u00e8tre de votre fret, tout en maintenant le galbe des mollets de vos salari\u00e9s dans les bouchons ? Transporter vos outils de travail pour des prestations urbaines ou \u00e0 domiciles ?<br>Vous \u00eates  sur la bonne page.<\/p>\n\n\n\n<p>Je suis dis cela suite \u00e0 une longue p\u00e9riode d&rsquo;acquisitions d&rsquo;exp\u00e9riences, de savoir-faire conceptuel et manuel, d&rsquo;outillages, de r\u00e9f\u00e9rences de fournitures. La conclusion de tout cela, c&rsquo;est qu&rsquo;il n&rsquo;y a pas de limites aux r\u00e9alisations de v\u00e9lo-cargos, \u00e0 part l&rsquo;imagination, le bon-sens et le temps disponible.<\/p>\n\n\n\n<p>Pour l&rsquo;heure, je travaille sur la r\u00e9alisation d&rsquo;un mod\u00e8le facilement r\u00e9plicable, la <a href=\"https:\/\/charrette.bike\/\">CHARRETTE<\/a>. Open Source, solide et versatile. 300 kilos de capacit\u00e9 de charge, voire bien plus avec un peu de prudence, c&rsquo;est une remorque auto-tractrice dot\u00e9e de trois roues de 20 pouces, 2 roues lat\u00e9rales \u00e0 l&rsquo;arri\u00e8re, et une \u00e0 l&rsquo;avant, directionnelle, motrice. Un timon solidarise le v\u00e9hicule du cycliste \u00e0 la remorque , dot\u00e9e de capteurs de tension et de pression. La moteur acc\u00e9l\u00e8re proportionnellement \u00e0 la tension sur le timon afin d&rsquo;\u00e9viter un effort du cycliste pour la tirer. En cas de ralentissement inversement, l&rsquo;inertie de la remorque d\u00e9clenche le freins \u00e0 disques sur les roues. Avec une puissance de 1500 watt, un couple de 72 nm, une batterie d&rsquo;environ 1000 watt-heures,  des disques de 203 mm, la charrette n&rsquo;a pas \u00e0 craindre les c\u00f4tes, les surcharges, ni m\u00eame les bouchons : elle est profil\u00e9e pour transporter deux demi-palettes Europe et fait 93 cm de large, pour des bandes cyclables de 150cm. Son moteur  ne tracte que son propre poids et son chargement, et n&rsquo;assiste pas le cycliste directement. En ce sens, il ne constitue pas un d\u00e9passement de la limite l\u00e9gale de puissance d&rsquo;un moteur de VAE, et n&#8217;emp\u00eache pas le cycliste d&rsquo;\u00eatre lui-m\u00eame assist\u00e9 d&rsquo;un moteur sur son v\u00e9lo, bien que ce soit moins n\u00e9cessaire.<br>Je n&rsquo;ai pas la paternit\u00e9 de la charrette, qui revient aux amis de V\u00e9loma. \u00c9tant Open Source, on peut tr\u00e8s bien imaginer la modifier selon les besoins, lui int\u00e9grer des fonctionnalit\u00e9s, rangements int\u00e9gr\u00e9s, une alimentation photovolta\u00efque prot\u00e9geant aussi de la pluie, ou m\u00eame se d\u00e9barrasser des ridelles en rigidifiant un peu le ch\u00e2ssis. A vous de voir, selon vos pr\u00e9f\u00e9rences.<\/p>\n\n\n\n<figure class=\"wp-block-gallery columns-3 is-cropped\"><ul class=\"blocks-gallery-grid\"><li class=\"blocks-gallery-item\"><figure><img loading=\"lazy\" width=\"768\" height=\"1024\" src=\"http:\/\/www.atout-cycle.fr\/wp-content\/uploads\/fleche-et-timon-768x1024.jpg\" alt=\"fl\u00eache de charrette\" data-id=\"365\" data-full-url=\"http:\/\/www.atout-cycle.fr\/wp-content\/uploads\/fleche-et-timon-scaled.jpg\" data-link=\"http:\/\/www.atout-cycle.fr\/?attachment_id=365\" class=\"wp-image-365\" srcset=\"http:\/\/www.atout-cycle.fr\/wp-content\/uploads\/fleche-et-timon-768x1024.jpg 768w, http:\/\/www.atout-cycle.fr\/wp-content\/uploads\/fleche-et-timon-300x400.jpg 300w, http:\/\/www.atout-cycle.fr\/wp-content\/uploads\/fleche-et-timon-1152x1536.jpg 1152w, http:\/\/www.atout-cycle.fr\/wp-content\/uploads\/fleche-et-timon-1536x2048.jpg 1536w, http:\/\/www.atout-cycle.fr\/wp-content\/uploads\/fleche-et-timon-scaled.jpg 1920w\" sizes=\"(max-width: 767px) 89vw, (max-width: 1000px) 54vw, (max-width: 1071px) 543px, 580px\" \/><figcaption class=\"blocks-gallery-item__caption\">Fl\u00eache de remorque &#8211; Cr\u00e9dit V\u00e9loma<\/figcaption><\/figure><\/li><li class=\"blocks-gallery-item\"><figure><img loading=\"lazy\" width=\"1024\" height=\"768\" src=\"http:\/\/www.atout-cycle.fr\/wp-content\/uploads\/cchassis-en-cours-3-1024x768.jpg\" alt=\"Charrette en construction\" data-id=\"364\" data-full-url=\"http:\/\/www.atout-cycle.fr\/wp-content\/uploads\/cchassis-en-cours-3-scaled.jpg\" data-link=\"http:\/\/www.atout-cycle.fr\/?attachment_id=364\" class=\"wp-image-364\" srcset=\"http:\/\/www.atout-cycle.fr\/wp-content\/uploads\/cchassis-en-cours-3-1024x768.jpg 1024w, http:\/\/www.atout-cycle.fr\/wp-content\/uploads\/cchassis-en-cours-3-400x300.jpg 400w, http:\/\/www.atout-cycle.fr\/wp-content\/uploads\/cchassis-en-cours-3-768x576.jpg 768w, http:\/\/www.atout-cycle.fr\/wp-content\/uploads\/cchassis-en-cours-3-1536x1152.jpg 1536w, http:\/\/www.atout-cycle.fr\/wp-content\/uploads\/cchassis-en-cours-3-2048x1536.jpg 2048w\" sizes=\"(max-width: 767px) 89vw, (max-width: 1000px) 54vw, (max-width: 1071px) 543px, 580px\" \/><figcaption class=\"blocks-gallery-item__caption\">charrette version extra-large pour apiculture champ\u00eatre<\/figcaption><\/figure><\/li><li class=\"blocks-gallery-item\"><figure><img loading=\"lazy\" width=\"1024\" height=\"768\" src=\"http:\/\/www.atout-cycle.fr\/wp-content\/uploads\/chassis-vue-d_enqemble-1024x768.jpg\" alt=\"charrette en construction - chassis point\u00e9\" data-id=\"359\" data-full-url=\"http:\/\/www.atout-cycle.fr\/wp-content\/uploads\/chassis-vue-d_enqemble-scaled.jpg\" data-link=\"http:\/\/www.atout-cycle.fr\/?attachment_id=359\" class=\"wp-image-359\" srcset=\"http:\/\/www.atout-cycle.fr\/wp-content\/uploads\/chassis-vue-d_enqemble-1024x768.jpg 1024w, http:\/\/www.atout-cycle.fr\/wp-content\/uploads\/chassis-vue-d_enqemble-400x300.jpg 400w, http:\/\/www.atout-cycle.fr\/wp-content\/uploads\/chassis-vue-d_enqemble-768x576.jpg 768w, http:\/\/www.atout-cycle.fr\/wp-content\/uploads\/chassis-vue-d_enqemble-1536x1152.jpg 1536w, http:\/\/www.atout-cycle.fr\/wp-content\/uploads\/chassis-vue-d_enqemble-2048x1536.jpg 2048w\" sizes=\"(max-width: 767px) 89vw, (max-width: 1000px) 54vw, (max-width: 1071px) 543px, 580px\" \/><figcaption class=\"blocks-gallery-item__caption\">charrette en construction &#8211; chassis point\u00e9<\/figcaption><\/figure><\/li><li class=\"blocks-gallery-item\"><figure><img loading=\"lazy\" width=\"1024\" height=\"768\" src=\"http:\/\/www.atout-cycle.fr\/wp-content\/uploads\/cuisine-mobile-1024x768.jpg\" alt=\"charrette- cuisine mobile\" data-id=\"357\" data-full-url=\"http:\/\/www.atout-cycle.fr\/wp-content\/uploads\/cuisine-mobile-scaled.jpg\" data-link=\"http:\/\/www.atout-cycle.fr\/?attachment_id=357\" class=\"wp-image-357\" srcset=\"http:\/\/www.atout-cycle.fr\/wp-content\/uploads\/cuisine-mobile-1024x768.jpg 1024w, http:\/\/www.atout-cycle.fr\/wp-content\/uploads\/cuisine-mobile-400x300.jpg 400w, http:\/\/www.atout-cycle.fr\/wp-content\/uploads\/cuisine-mobile-768x576.jpg 768w, http:\/\/www.atout-cycle.fr\/wp-content\/uploads\/cuisine-mobile-1536x1152.jpg 1536w, http:\/\/www.atout-cycle.fr\/wp-content\/uploads\/cuisine-mobile-2048x1536.jpg 2048w\" sizes=\"(max-width: 767px) 89vw, (max-width: 1000px) 54vw, (max-width: 1071px) 543px, 580px\" \/><figcaption class=\"blocks-gallery-item__caption\">Cuisine mobile &#8211; Cr\u00e9dit V\u00e9loma<\/figcaption><\/figure><\/li><li class=\"blocks-gallery-item\"><figure><img loading=\"lazy\" width=\"768\" height=\"1024\" src=\"http:\/\/www.atout-cycle.fr\/wp-content\/uploads\/base-timon-de-charrette2-768x1024.jpg\" alt=\"\" data-id=\"363\" data-full-url=\"http:\/\/www.atout-cycle.fr\/wp-content\/uploads\/base-timon-de-charrette2-scaled.jpg\" data-link=\"http:\/\/www.atout-cycle.fr\/?attachment_id=363\" class=\"wp-image-363\" srcset=\"http:\/\/www.atout-cycle.fr\/wp-content\/uploads\/base-timon-de-charrette2-768x1024.jpg 768w, http:\/\/www.atout-cycle.fr\/wp-content\/uploads\/base-timon-de-charrette2-300x400.jpg 300w, http:\/\/www.atout-cycle.fr\/wp-content\/uploads\/base-timon-de-charrette2-1152x1536.jpg 1152w, http:\/\/www.atout-cycle.fr\/wp-content\/uploads\/base-timon-de-charrette2-1536x2048.jpg 1536w, http:\/\/www.atout-cycle.fr\/wp-content\/uploads\/base-timon-de-charrette2-scaled.jpg 1920w\" sizes=\"(max-width: 767px) 89vw, (max-width: 1000px) 54vw, (max-width: 1071px) 543px, 580px\" \/><figcaption class=\"blocks-gallery-item__caption\">Syst\u00e8me de frein \u00e0 inertie, et frein \u00e0 main reposant sur la translation relative sur sur le timon entre deux tubes concentriques<\/figcaption><\/figure><\/li><li class=\"blocks-gallery-item\"><figure><img loading=\"lazy\" width=\"1024\" height=\"768\" src=\"http:\/\/www.atout-cycle.fr\/wp-content\/uploads\/soundsyqtem2-1024x768.jpg\" alt=\"sound system PV profil\" data-id=\"361\" data-full-url=\"http:\/\/www.atout-cycle.fr\/wp-content\/uploads\/soundsyqtem2-scaled.jpg\" data-link=\"http:\/\/www.atout-cycle.fr\/?attachment_id=361\" class=\"wp-image-361\" srcset=\"http:\/\/www.atout-cycle.fr\/wp-content\/uploads\/soundsyqtem2-1024x768.jpg 1024w, http:\/\/www.atout-cycle.fr\/wp-content\/uploads\/soundsyqtem2-400x300.jpg 400w, http:\/\/www.atout-cycle.fr\/wp-content\/uploads\/soundsyqtem2-768x576.jpg 768w, http:\/\/www.atout-cycle.fr\/wp-content\/uploads\/soundsyqtem2-1536x1152.jpg 1536w, http:\/\/www.atout-cycle.fr\/wp-content\/uploads\/soundsyqtem2-2048x1536.jpg 2048w\" sizes=\"(max-width: 767px) 89vw, (max-width: 1000px) 54vw, (max-width: 1071px) 543px, 580px\" \/><figcaption class=\"blocks-gallery-item__caption\">Cr\u00e9dit V\u00e9loma<\/figcaption><\/figure><\/li><li class=\"blocks-gallery-item\"><figure><img loading=\"lazy\" width=\"768\" height=\"1024\" src=\"http:\/\/www.atout-cycle.fr\/wp-content\/uploads\/sound-system-768x1024.jpg\" alt=\"Sound System PV 3\/4 face\" data-id=\"362\" data-full-url=\"http:\/\/www.atout-cycle.fr\/wp-content\/uploads\/sound-system-scaled.jpg\" data-link=\"http:\/\/www.atout-cycle.fr\/?attachment_id=362\" class=\"wp-image-362\" srcset=\"http:\/\/www.atout-cycle.fr\/wp-content\/uploads\/sound-system-768x1024.jpg 768w, http:\/\/www.atout-cycle.fr\/wp-content\/uploads\/sound-system-300x400.jpg 300w, http:\/\/www.atout-cycle.fr\/wp-content\/uploads\/sound-system-1152x1536.jpg 1152w, http:\/\/www.atout-cycle.fr\/wp-content\/uploads\/sound-system-1536x2048.jpg 1536w, http:\/\/www.atout-cycle.fr\/wp-content\/uploads\/sound-system-scaled.jpg 1920w\" sizes=\"(max-width: 767px) 89vw, (max-width: 1000px) 54vw, (max-width: 1071px) 543px, 580px\" \/><figcaption class=\"blocks-gallery-item__caption\">sound system mobile photovolta\u00efque &#8211; Cr\u00e9dit V\u00e9loma<\/figcaption><\/figure><\/li><\/ul><\/figure>\n\n\n\n<p>La charrette est un premier mod\u00e8le pour affranchir sa locomotion des \u00e9nergies fossiles, mais pas le dernier. Bien d&rsquo;autres possibilit\u00e9s existent. Je peux r\u00e9pondre \u00e0 vos demandes en ce sens, ou vous proposer une solution selon votre cahier des charges. Voici les grandes lignes de possibilit\u00e9s, par ordre croissant de complexit\u00e9 de conception :<br><br>-la remorque simple : mont\u00e9e sur deux roues + une \u00e9ventuelle roulette jockey, pour des charges l\u00e9g\u00e8res, le chien, les bambins, de grosses courses<br>-le biporteur : fluide dans les virages et rapide, pour des charges de poids interm\u00e9diaires<br>-le triporteur : pour des charges lourdes ; vitesse \u00e0 limiter avant de tourner<br>-le triporteur pendulaire : son train avant combine direction des roues et variabilit\u00e9 des hauteurs de roues pour se pencher dans les virages, ce qui permet de combiner charges importantes et vitesse satisfaisante. Une ing\u00e9nierie reposant sur une ou deux suspensions et beaucoup de roulements<br>-les <a href=\"http:\/\/www.atout-cycle.fr\/?p=55\">modules de conversions de v\u00e9lo<\/a> : attachez \u00e0 votre cadre et votre fourche avant un module se prolongeant en biporteur ou triporteur.  Par rapport au mod\u00e8le expos\u00e9 en lien, je privil\u00e9gierais un train avant d\u00e9port\u00e9 \u00e0 l&rsquo;avant du chargement et des fixations plus robustes contre le cadre. Ce mod\u00e8le a l&rsquo;avantage  de sa modularit\u00e9, et le d\u00e9faut d&rsquo;un l\u00e9ger surpoids pour garantir rigidit\u00e9 et s\u00e9curit\u00e9 des fixations du module au v\u00e9lo.<\/p>\n\n\n\n<figure class=\"wp-block-image size-large\"><img loading=\"lazy\" width=\"1024\" height=\"575\" src=\"http:\/\/www.atout-cycle.fr\/wp-content\/uploads\/Capture-decran-de-2022-07-02-12-41-53-1024x575.png\" alt=\"\" class=\"wp-image-370\" srcset=\"http:\/\/www.atout-cycle.fr\/wp-content\/uploads\/Capture-decran-de-2022-07-02-12-41-53-1024x575.png 1024w, http:\/\/www.atout-cycle.fr\/wp-content\/uploads\/Capture-decran-de-2022-07-02-12-41-53-400x225.png 400w, http:\/\/www.atout-cycle.fr\/wp-content\/uploads\/Capture-decran-de-2022-07-02-12-41-53-768x431.png 768w, http:\/\/www.atout-cycle.fr\/wp-content\/uploads\/Capture-decran-de-2022-07-02-12-41-53.png 1368w\" sizes=\"(max-width: 767px) 89vw, (max-width: 1000px) 54vw, (max-width: 1071px) 543px, 580px\" \/><figcaption>biporteur simple &#8211; cr\u00e9dit Phil Vandelay<\/figcaption><\/figure>\n\n\n\n<p><\/p>\n","protected":false},"excerpt":{"rendered":"<p>Vous souhaitez \u00eatre d\u00e9m\u00e9nageur urbain sans faire vroum-vroum ? Transporter vos 5 bambins \u00e0 l&rsquo;\u00e9cole sans les accoutumer aux disproportions d&rsquo;un char confortablement mortif\u00e8re ? Faire de la restauration collective estivale \u00e0 l&rsquo;\u00e9nergie solaire, sans d\u00e9pendre des tr\u00e9sors de g\u00e9n\u00e9rosit\u00e9 de Total \u00c9nergies Superpropres\u00ae ? Assurer la logistique du dernier kilom\u00e8tre de votre fret, tout &hellip; <\/p>\n<p class=\"link-more\"><a href=\"http:\/\/www.atout-cycle.fr\/?page_id=353\" class=\"more-link\">Continuer la lecture<span class=\"screen-reader-text\"> de &laquo;&nbsp;V\u00e9lo-cargos artisanaux&nbsp;&raquo;<\/span><\/a><\/p>\n","protected":false},"author":1,"featured_media":0,"parent":0,"menu_order":0,"comment_status":"closed","ping_status":"closed","template":"","meta":[],"_links":{"self":[{"href":"http:\/\/www.atout-cycle.fr\/index.php?rest_route=\/wp\/v2\/pages\/353"}],"collection":[{"href":"http:\/\/www.atout-cycle.fr\/index.php?rest_route=\/wp\/v2\/pages"}],"about":[{"href":"http:\/\/www.atout-cycle.fr\/index.php?rest_route=\/wp\/v2\/types\/page"}],"author":[{"embeddable":true,"href":"http:\/\/www.atout-cycle.fr\/index.php?rest_route=\/wp\/v2\/users\/1"}],"replies":[{"embeddable":true,"href":"http:\/\/www.atout-cycle.fr\/index.php?rest_route=%2Fwp%2Fv2%2Fcomments&post=353"}],"version-history":[{"count":11,"href":"http:\/\/www.atout-cycle.fr\/index.php?rest_route=\/wp\/v2\/pages\/353\/revisions"}],"predecessor-version":[{"id":378,"href":"http:\/\/www.atout-cycle.fr\/index.php?rest_route=\/wp\/v2\/pages\/353\/revisions\/378"}],"wp:attachment":[{"href":"http:\/\/www.atout-cycle.fr\/index.php?rest_route=%2Fwp%2Fv2%2Fmedia&parent=353"}],"curies":[{"name":"wp","href":"https:\/\/api.w.org\/{rel}","templated":true}]}}